k + i = 7*k. Suppose -h = -2*h + k. List the prime factors of h.
7
Let p = 29 + -17. Let f = -20 + p. Let w = 25 + f. What are the prime factors of w?
17
Let u = 125 - 119. Suppose u*r + 9*r = 420. What are the prime factors of r?
2, 7
Let s be 7486/(-6) - (-3)/(-9). List the prime factors of 2/(-11) + s/(-88).
2, 7
Suppose -6*f + 4*w = -7*f + 2704, 4 = -4*w. List the prime factors of f.
2, 677
Let f be 10/(-55) + (-4)/(-22). Let u(s) be the second derivative of s**3/6 + 15*s**2 - s. List the prime factors of u(f).
2, 3, 5
Let z(y) be the third derivative of 5*y**4/12 - y**3 + 35*y**2. Let h = -10 + 17. List the prime factors of z(h).
2
Let c be (48/24)/((1/(-382))/(-1)). Suppose -5*b + c = 104. What are the prime factors of b?
2, 3, 11
Let r = 13 - 21. Let v be (r/(-24))/((-2)/(-906)). Let t = v - 84. What are the prime factors of t?
67
Let k = 254 - -484. List the prime factors of k.
2, 3, 41
Let h be 3*-11*(-3)/(-9). Suppose 0*n - 59 = -3*x + 2*n, 0 = 3*n + 3. Let c = h + x. What are the prime factors of c?
2
Let i(m) = -9*m - 33. Let d be i(-9). Let h = 117 - d. List the prime factors of h.
3, 23
List the prime factors of 202*7/(7/4).
2, 101
Let p(t) = -8*t**3 - 8*t**2 - 7*t - 96. What are the prime factors of p(-7)?
5, 461
Suppose 170*f = 173*f - 2169. What are the prime factors of f?
3, 241
Let a(f) = 3*f**3 - f**2 - 4*f + 2. Let j(g) = -g**3 + g**2 + g - 1. Let i(u) = a(u) + 4*j(u). Let n be i(2). List the prime factors of n*-3*6/(-4).
3
Let t = 0 + 31. Let q be (-4)/(((-5)/t)/5). Suppose -5*n + n + 208 = -4*z, 3*z - q = -2*n. What are the prime factors of n?
2, 7
Suppose -o - 7 = 2*p, -3*p + 0*p - o = 12. Let k(h) = -2*h**3 - 5*h**2 - 11*h + 5. List the prime factors of k(p).
5, 37
Suppose -c = c + 5*d + 50, 75 = -3*c - 3*d. Let u = 44 + c. What are the prime factors of u?
19
Suppose 37 = -3*y + 166. Let u = 23 - y. What are the prime factors of (-4)/u + (-44)/(-5)?
3
Suppose -4*l = l - 1520. Suppose -4*p = -5*o + o + l, 0 = -2*o + 4*p + 150. Suppose 0 = 4*h - 3*q - o - 86, 5*h + 2*q = 175. What are the prime factors of h?
37
Let z = 4134 + -3041. List the prime factors of z.
1093
Let a be -1 - -4 - (17 - -2). List the prime factors of (-476)/a - 9/12.
29
Let m(x) = 5*x + 17. Let z be (-1 + 4 + -2)*5. Let p be m(z). Suppose 0 = 10*s - 11*s + p. List the prime factors of s.
2, 3, 7
Suppose -74 = 4*n + 166. List the prime factors of n/(-210) - 40/(-7).
2, 3
Suppose -4*m - m = 1610. Let c(i) = -i**3 - 8*i**2 + 7*i + 10. Let v be c(-9). What are the prime factors of (m/v)/((-1)/4)?
2, 23
Suppose -4*d + 6653 = 3*b, -16*b + 4*d = -12*b - 8824. List the prime factors of b.
3, 11, 67
Let p(z) be the second derivative of -1/6*z**3 + z + 1/2*z**2 + 2*z**4 + 0. What are the prime factors of p(1)?
2, 3
Suppose t - 2 = -0*t. What are the prime factors of 548/10 + t/10?
5, 11
Suppose -63*r + 76376 + 145825 = 0. What are the prime factors of r?
3527
Let k be 7527/91 + 2/7. Suppose -k = -c - 13. List the prime factors of c.
2, 5, 7
Let q(l) = l - 7. Let g = -8 + 9. Let c(z) = -z. Let d(r) = g*q(r) - 2*c(r). List the prime factors of d(7).
2, 7
Let u = -352 + 1. Let b = u - -571. What are the prime factors of b?
2, 5, 11
Suppose -2*a + 4 = 2*l, 5*l - 10 = 4*a - 8*a. Suppose a = -n - n - 18. What are the prime factors of 6/n + (-34)/(-6)?
5
Let x(r) = r**2 + 6*r + 65. Suppose 3 - 3 = 6*j. List the prime factors of x(j).
5, 13
Suppose -s + 3*s + 452 = 0. Let d = s + 330. What are the prime factors of d?
2, 13
Suppose -4*d = -3*s + 5, 0 + 9 = -s - 4*d. List the prime factors of s*4 - (11 - 176).
7, 23
Suppose 5*c - c = -2*d + 22, 0 = d + 3*c - 13. Suppose 0 = h + 2 - d. What are the prime factors of h?
5
Suppose -54*x - 2690 = -59*x. What are the prime factors of x?
2, 269
Suppose -5 = y, -h + 0*y + 8 = -y. Suppose h*f = f + 4. List the prime factors of f.
2
Let m be (-4 - -4) + (-1 - 8). Let l(x) = -x**3 - 8*x**2 + 6*x. Let w be l(m). Suppose g + 0*g = w. What are the prime factors of g?
3
Suppose 0 = -15*u + 1182 + 9858. What are the prime factors of u?
2, 23
Suppose -4*i + 5*g + 21 = 8*g, 2*i - 9 = -g. What are the prime factors of 3 + 210 + i + 5?
13, 17
Let p(y) = -20*y + 7. What are the prime factors of p(-10)?
3, 23
Suppose 4552 = 9*y - 18227. List the prime factors of y.
2531
Suppose 10*m + 423 = 5*m - l, 5*l + 330 = -4*m. Let g = -24 - m. List the prime factors of g.
61
Suppose 0 = 26*n - 29*n + 153. Let k = n - 17. What are the prime factors of k?
2, 17
Let x be 36/(-8) - 3/2. Let h be x/(-8) + (-189)/12. Let f = 20 + h. List the prime factors of f.
5
Let b = -65 - -67. Let l(o) = 13*o**2 - 11*o - 3. Let y(n) = -4*n**2 + 4*n + 1. Let w(c) = 3*l(c) + 8*y(c). What are the prime factors of w(b)?
5
Suppose 10 + 8 = -2*w. Suppose 0 = -5*d + 10, 7 + 36 = b - 3*d. Let p = w + b. What are the prime factors of p?
2, 5
Let u be -82*(4 - 8) - -2. Suppose 4*m = -5*h + u, 3*h + 4*m - 241 + 51 = 0. List the prime factors of h.
2, 5, 7
Suppose 0 = -4*a - 6*d + 2*d - 816, 1020 = -5*a + 3*d. Let t = a + 296. What are the prime factors of t?
2, 23
Suppose 0 = 5*i - 25, 5*g + 0*i - 35 = -5*i. Suppose -5*z = -n + 7, -2*z - 3 = -g*n + 3. Suppose n = -3*h + 62. List the prime factors of h.
2, 5
Let i(b) = -2*b**2 - 3*b + 1991. What are the prime factors of i(0)?
11, 181
Let g be (-6)/(-24) - 813/(-12). Suppose 5*m = 2*r - 157, 4*m - g = -r + 4. List the prime factors of r.
2, 19
Let l(r) = -4*r**2 + 2*r + 2. Let q(j) = 5*j**2 - j - 1. Let k(w) = -4*l(w) - 3*q(w). What are the prime factors of k(11)?
61
What are the prime factors of (0 - 0/2) + 472?
2, 59
Suppose c = -s + 20, -c + 32*s = 29*s - 40. What are the prime factors of c?
5
Suppose 2*c - 372 = a, 2*c + a = c + 186. Suppose 3*g - 9*g + c = 0. List the prime factors of g.
31
Suppose 5*h + 2 = 4*h, 1066 = 3*q + h. List the prime factors of q.
2, 89
Suppose 12 = 5*v - 0*v + o, 5*v + 3*o = 16. Suppose v*p - 1165 = -5*f, -4*f + 2*f - 5*p + 466 = 0. What are the prime factors of f?
233
What are the prime factors of ((-74)/(-3))/(5 + (-357)/72)?
2, 37
Suppose -b - h + 135 = 0, 2*b - 2*h + 18 = 304. Suppose 105 + 259 = 4*u. Let y = b - u. What are the prime factors of y?
2, 3
Suppose u + f - 5 = 0, -3 = -3*u + f + 8. Let o(k) = 3*k + 5 - u - 9*k**3 - 2*k**2 + 6*k**3. List the prime factors of o(-3).
5, 11
Let d = 1196 - 971. List the prime factors of d.
3, 5
Suppose l - 21 = -4*u, 2*u - 23 - 5 = -4*l. Suppose 3 = -u*v + 11. Suppose -2*x + z + 11 = 0, -v*x - 5*z - 4 = -3*z. List the prime factors of x.
3
Let l(q) = 176*q**2 - 4*q - 1. What are the prime factors of l(-2)?
3, 79
Suppose 0 = 3*v, -4*q - 4*v = -v - 2808. What are the prime factors of q?
2, 3, 13
Suppose -2*r + 1072 = -0*m - 4*m, r - 806 = 3*m. Let n = m - -461. What are the prime factors of n?
191
Suppose -z - 31038 = -43*z. What are the prime factors of z?
739
Suppose -12*q + 7*q - 25 = 0, 0 = -4*y - 4*q + 5680. List the prime factors of y.
3, 5, 19
Let v(u) = -13*u**3 - 6*u**2 + 4*u - 4. What are the prime factors of v(-4)?
2, 179
Let c(u) = 3*u**2 + 2*u - 1. Let a be c(1). Let s = -136 + 302. Suppose a*b = -2*g + s, 100 = 2*b - 2*g + 14. List the prime factors of b.
2, 3, 7
Let s(o) = 5*o**2 + 28 + 6*o**2 - 2*o**2 - 11*o - o**3 + 10*o**2. List the prime factors of s(18).
2, 7, 11
Suppose 34 = 4*p + 18. Suppose 0 = p*s - 6*s + 14. Suppose -10*j + s*j + 174 = 0. What are the prime factors of j?
2, 29
Let l = 85 + -60. Let g = -9 + l. What are the prime factors of g?
2
Let a(v) be the first derivative of -2*v**2 + 3*v + 33. Suppose -50 = 4*h + h - 5*x, 2*h + 23 = 5*x. List the prime factors of a(h).
3, 13
Let z(j) = j**3 + 16*j**2 - 18*j + 15. Let y = 0 + -17. What are the prime factors of z(y)?
2
Suppose 72473 = 37*g - 26428. What are the prime factors of g?
3, 11
Let f = -74 + 75. Let i(o) = -17*o + 4. Let z(q) = 34*q - 9. Let s(n) = -5*i(n) - 2*z(n). What are the prime factors of s(f)?
3, 5
Let a be 14/18 - (-10)/45. Let u(r) = -9 + r - a + 7 + 2. List the prime factors of u(8).
7
Let u be (-5008)/(-4) + 2*-2. Suppose -2*w - u = -10*w. List the prime factors of w.
2, 3, 13
Suppose -2*j - 4*m = -5*j - 1072, -4*j - 1446 = -2*m. List the prime factors of (-4)/(16/j) + -4.
3, 29
Let j be (-32)/6*5/(40/(-108)). Suppose -5*u + 124 = 2*c - 0*u, -c + j = 5